e prime factors of 3437?
7, 491
What are the prime factors of 1354?
2, 677
What are the prime factors of 2697?
3, 29, 31
What are the prime factors of 2150?
2, 5, 43
What are the prime factors of 39129?
3, 13043
What are the prime factors of 9035?
5, 13, 139
List the prime factors of 9966.
2, 3, 11, 151
List the prime factors of 6362.
2, 3181
What are the prime factors of 6148?
2, 29, 53
List the prime factors of 3003.
3, 7, 11, 13
What are the prime factors of 11074?
2, 7, 113
List the prime factors of 5051.
5051
List the prime factors of 1885.
5, 13, 29
What are the prime factors of 29?
29
What are the prime factors of 325?
5, 13
List the prime factors of 6930.
2, 3, 5, 7, 11
What are the prime factors of 290?
2, 5, 29
What are the prime factors of 3747?
3, 1249
List the prime factors of 10479.
3, 7, 499
List the prime factors of 5228.
2, 1307
What are the prime factors of 6666?
2, 3, 11, 101
List the prime factors of 415.
5, 83
List the prime factors of 2863.
7, 409
List the prime factors of 855.
3, 5, 19
List the prime factors of 1505.
5, 7, 43
List the prime factors of 21658.
2, 7, 13, 17
What are the prime factors of 38799?
3, 479
What are the prime factors of 36396?
2, 3, 337
What are the prime factors of 18571?
7, 379
What are the prime factors of 3268?
2, 19, 43
List the prime factors of 126.
2, 3, 7
List the prime factors of 85.
5, 17
List the prime factors of 72966.
2, 3, 12161
What are the prime factors of 2174?
2, 1087
List the prime factors of 7531.
17, 443
List the prime factors of 269.
269
List the prime factors of 545.
5, 109
List the prime factors of 436.
2, 109
What are the prime factors of 3828?
2, 3, 11, 29
List the prime factors of 25217.
151, 167
What are the prime factors of 64809?
3, 19, 379
What are the prime factors of 3503?
31, 113
List the prime factors of 1910.
2, 5, 191
List the prime factors of 468.
2, 3, 13
What are the prime factors of 1233?
3, 137
What are the prime factors of 428?
2, 107
List the prime factors of 36261.
3, 17, 79
List the prime factors of 25124.
2, 11, 571
What are the prime factors of 48847?
48847
List the prime factors of 1947.
3, 11, 59
What are the prime factors of 4736?
2, 37
List the prime factors of 4790.
2, 5, 479
List the prime factors of 3764.
2, 941
What are the prime factors of 459?
3, 17
List the prime factors of 27640.
2, 5, 691
What are the prime factors of 47709?
3, 19, 31
List the prime factors of 76008.
2, 3, 3167
What are the prime factors of 19761?
3, 7, 941
What are the prime factors of 31953?
3, 10651
List the prime factors of 32773.
13, 2521
What are the prime factors of 53?
53
List the prime factors of 145851.
3, 61, 797
What are the prime factors of 25023?
3, 19, 439
What are the prime factors of 1306?
2, 653
List the prime factors of 303.
3, 101
List the prime factors of 1036.
2, 7, 37
List the prime factors of 15295.
5, 7, 19, 23
What are the prime factors of 11519?
11519
List the prime factors of 3584.
2, 7
List the prime factors of 584.
2, 73
List the prime factors of 292.
2, 73
List the prime factors of 23317.
7, 3331
What are the prime factors of 7522?
2, 3761
What are the prime factors of 20277?
3, 751
What are the prime factors of 2627?
37, 71
List the prime factors of 30342.
2, 3, 13, 389
List the prime factors of 13290.
2, 3, 5, 443
What are the prime factors of 18268?
2, 4567
List the prime factors of 21212.
2, 5303
List the prime factors of 33775.
5, 7, 193
List the prime factors of 18370.
2, 5, 11, 167
What are the prime factors of 21407?
21407
What are the prime factors of 165?
3, 5, 11
List the prime factors of 3226.
2, 1613
What are the prime factors of 37299?
3, 12433
What are the prime factors of 130838?
2, 65419
What are the prime factors of 1266?
2, 3, 211
List the prime factors of 5010.
2, 3, 5, 167
List the prime factors of 30072.
2, 3, 7, 179
What are the prime factors of 2859?
3, 953
List the prime factors of 201.
3, 67
List the prime factors of 1376.
2, 43
What are the prime factors of 356?
2, 89
What are the prime factors of 175244?
2, 193, 227
List the prime factors of 4975.
5, 199
List the prime factors of 114310.
2, 5, 7, 23, 71
What are the prime factors of 1109?
1109
List the prime factors of 163681.
7, 67, 349
List the prime factors of 2386.
2, 1193
What are the prime factors of 223?
223
List the prime factors of 3462.
2, 3, 577
What are the prime factors of 3288?
2, 3, 137
What are the prime factors of 1957?
19, 103
List the prime factors of 658.
2, 7, 47
What are the prime factors of 30427?
30427
List the prime factors of 34967.
73, 479
What are the prime factors of 18470?
2, 5, 1847
List the prime factors of 350.
2, 5, 7
List the prime factors of 16764.
2, 3, 11, 127
What are the prime factors of 28092?
2, 3, 2341
List the prime factors of 1523.
1523
What are the prime factors of 80946?
2, 3, 1499
List the prime factors of 26525.
5, 1061
What are the prime factors of 473?
11, 43
What are the prime factors of 25790?
2, 5, 2579
What are the prime factors of 47153?
61, 773
List the prime factors of 6681.
3, 17, 131
What are the prime factors of 1296?
2, 3
What are the prime factors of 2413?
19, 127
What are the prime factors of 21590?
2, 5, 17, 127
What are the prime factors of 21460?
2, 5, 29, 37
What are the prime factors of 1579?
1579
List the prime factors of 2331.
3, 7, 37
List the prime factors of 494.
2, 13, 19
List the prime factors of 27805.
5, 67, 83
What are the prime factors of 6467?
29, 223
What are the prime factors of 1940?
2, 5, 97
What are the prime factors of 500?
2, 5
List the prime factors of 1522.
2, 761
List the prime factors of 1558.
2, 19, 41
List the prime factors of 44358.
2, 3, 7393
List the prime factors of 27507.
3, 53, 173
List the prime factors of 10870.
2, 5, 1087
List the prime factors of 5115.
3, 5, 11, 31
What are the prime factors of 759?
3, 11, 23
What are the prime factors of 22403?
43, 521
What are the prime factors of 3815?
5, 7, 109
What are the prime factors of 1218?
2, 3, 7, 29
List the prime factors of 25059.
3, 8353
List the prime factors of 1362.
2, 3, 227
What are the prime factors of 10434?
2, 3, 37, 47
List the prime factors of 23853.
3, 7951
List the prime factors of 945.
3, 5, 7
What are the prime factors of 2164?
2, 541
What are the prime factors of 3829?
7, 547
What are the prime factors of 18712?
2, 2339
What are the prime factors of 3453?
3, 1151
What are the prime factors of 1162?
2, 7, 83
List the prime factors of 58834.
2, 23, 1279
What are the prime factors of 5798?
2, 13, 223
List the prime factors of 34418.
2, 17209
What are the prime factors of 116?
2, 29
List the prime factors of 2518.
2, 1259
What are the prime factors of 2764?
2, 691
List the prime factors of 4109.
7, 587
List the prime factors of 1022.
2, 7, 73
What are the prime factors of 10891?
10891
List the prime factors of 65668.
2, 16417
What are the prime factors of 462?
2, 3, 7, 11
What are the prime factors of 5042?
2, 2521
What are the prime factors of 1459?
1459
List the prime factors of 4798.
2, 2399
What are the prime factors of 6329?
6329
What are the prime factors of 1269?
3, 47
What are the prime factors of 411?
3, 137
What are the prime factors of 83?
83
List the prime factors of 3002.
2, 19, 79
List the prime factors of 817.
19, 43
What are the prime factors of 631?
631
What are the prime factors of 655?
5, 131
List the prime factors of 766.
2, 383
List the prime factors of 5146.
2, 31, 83
What are the prime factors of 421?
421
What are the prime factors of 5729?
17, 337
List the prime factors of 8627.
8627
What are the prime factors of 1530?
2, 3, 5, 17
What are the prime factors of 55959?
3, 23, 811
What are the prime factors of 60869?
60869
List the prime factors of 800.
2, 5
List the prime factors of 39880.
2, 5, 997
List the prime factors of 2396.
2, 599
What are the prime factors of 180?
2, 3, 5
List the prime factors of 1432.
2, 179
List the prime factors of 10829.
7, 13, 17
What are the prime factors of 1719?
3, 191
List the prime factors of 3865.
5, 773
List the prime factors of 3497.
13, 269
What are the prime factors of 871?
13, 67
List the prime factors of 52804.
2, 43, 307
What are the prime factors of 22075?
5, 883
What are the prime factors of 7051?
11, 641
What are the prime factor